factor of d and r?
4
Let m(h) = -h**2 + 9*h - 11. Let u be m(6). Let p = -27 + 30. Suppose -4*k + 26 = p*s, 5*s + u = 3*k + s. What is the highest common factor of k and 15?
5
Suppose -3937 - 18051 = -239*m. Suppose 3*x + 2*n = 79, 7 + 1 = x - 3*n. What is the greatest common factor of x and m?
23
Let y = -168 - -171. Suppose 17*b = -i + 20*b - y, 2*i - 4*b = 0. Calculate the highest common divisor of i and 222.
6
Suppose 6*x = -37*x. Suppose 21*b - 217 - 581 = x. Calculate the highest common factor of b and 608.
38
Let p be -4*(-5)/210 + (-16)/168. Suppose 0 = q + 1, -3*m + 3*q - 6*q + 885 = p. Calculate the highest common divisor of m and 4.
4
Let z(x) = -x**2 - 5*x + 2. Let y be z(-4). Suppose 1218 = 70*s - 63*s. Calculate the highest common divisor of s and y.
6
Suppose -2*r - t + 176 = 0, -4*t = -3*r + 541 - 255. Calculate the greatest common divisor of r and 390.
30
Suppose -d + 25*d = 11904. Let h = -481 + d. Calculate the greatest common factor of h and 195.
15
Let w(b) = -3*b**2 - 94*b - 572. Let o be w(-22). What is the greatest common factor of o and 5093?
11
Suppose 5*f = -3*z + 2038, -5*f = -0*z + 5*z - 2030. Suppose -184 = 183*k - 935 - 1079. Calculate the greatest common factor of f and k.
10
Suppose 2 + 894 = -12*i + 10244. What is the greatest common divisor of 41 and i?
41
Let p = -9 - -16. Suppose 0*h + 4*h = -5*y - 12, y - 2 = -3*h. Suppose -4*j + 224 = -h*j. What is the greatest common factor of j and p?
7
Let o(q) = -q**3 + 2*q**2 - 2*q - 17. Let d be o(-3). Let b = d + -12. What is the highest common factor of 77 and b?
11
Let m be 1 - (-5 - -2) - -180. Suppose -3 + 11 = 5*h - 3*l, 2*h + 8 = 4*l. Suppose -4*a + 88 + h = 0. Calculate the greatest common divisor of m and a.
23
Let q(a) = a**3 + 7*a**2 - 5*a - 21. Let t be q(-7). Suppose 4215 + 5109 = 18*h. What is the highest common divisor of h and t?
14
Let z = 2824 - 1154. Calculate the highest common factor of z and 40.
10
Let s = 34285 + -34231. Suppose -2*g + 72 = g. Calculate the highest common factor of g and s.
6
Suppose 0 = -5*o + 3 + 7. Suppose 4*h + 6 = 2*h - o*x, 0 = h + 4*x + 9. Let n be (-60)/(-16) + h/(-4). What is the greatest common divisor of n and 2?
2
Let d(f) = -f**3 - 3*f**2 + 6*f + 14. Let i be d(-4). Let w be (i + -3 - 0) + -152. Let z = -94 - w. What is the greatest common factor of 5 and z?
5
Let m be (-2 + (-848)/(-3))/(507/72 - 7). What is the highest common divisor of 48 and m?
16
Suppose -5*w = 5*s - 430, 10*w - 15*w = -2*s + 186. Calculate the greatest common factor of 22 and s.
22
Suppose 37*r - 29*r = 384. Let k = 174 + -30. What is the highest common divisor of k and r?
48
Let t(x) = x**2 - 17*x + 8. Let d(l) = l - 5. Let b be d(10). Let f = b - -13. Let q be t(f). What is the greatest common divisor of 26 and q?
26
Suppose 0 = 3221464*t - 3221414*t - 1200. Let g = -7 - -11. Suppose 23 = c - 4*h, -8 = 3*c + g*h + 3. Calculate the greatest common factor of c and t.
3
Suppose 7*n = 11*n - 176. Suppose -4*p - 5*l + 47 = -232, -204 = -3*p - 2*l. What is the greatest common divisor of n and p?
22
Suppose 4*u - 17 - 215 = 0. Let w = 639 + -146. Calculate the highest common divisor of w and u.
29
Let l(f) = -46*f + 68. Let q(j) = -6*j + 5. Let h be q(2). Let m be l(h). What is the highest common divisor of 30 and m?
30
Let q(u) = 10*u - 170. Suppose 384 = 28*z - 484. Let b be q(z). Calculate the highest common divisor of 60 and b.
20
Let q be ((-12)/(-10))/(2/60). Let j(f) = -f**2 - 7*f. Let n be -3 - (-20)/7 - 297/77. Let x be j(n). Calculate the highest common divisor of x and q.
12
Let t be 34 + ((-8)/10)/((-26)/65). Suppose -4*s - t = -3*c + 323, -244 = -2*c + 5*s. Calculate the greatest common factor of 39 and c.
39
Suppose 0 = 3*g + 41 - 2. Let f(c) = -c**2 - 14*c + 38. Let x be f(g). Let k = x - 15. What is the highest common factor of k and 60?
12
Let q(c) = -c**3 - c**2 + 18*c - 39. Let u be q(-7). Suppose -131*d = -u*d - 330. What is the greatest common factor of d and 22?
11
Suppose 0 = -3*f + s + 7, 2*s - 14 = -106*f + 105*f. Calculate the greatest common factor of f and 1138.
2
Let w(x) = -x**3 - 3*x**2 - x + 5. Let p be 2/(-3)*63/(-3). Let l be 2/(-4)*84/p. Let f be w(l). Calculate the greatest common factor of 16 and f.
8
Let o = 171 - 68. Suppose 0 = -2*d - m + 123, -4*m + o + 197 = 5*d. Let w = -59 + d. What is the greatest common factor of w and 3?
1
Suppose -4*m + 4*q + 32 = 0, -6*q - 8 = -4*q. Suppose -4*j - 31 = -a + 49, 3*j = -m*a + 244. Calculate the greatest common divisor of a and 576.
64
Suppose 4*a + z = a + 10, -a + 30 = -5*z. Let h be a/(-6) + (-649)/(-66). What is the greatest common divisor of h and 981?
9
Suppose 38*g - 156 = 34*g. Let d(a) = 143*a**3 + a**2 - a + 1. Let z be d(1). Let k = -105 + z. What is the greatest common factor of g and k?
39
Let f be ((-11)/(-2) + 2)*4 + -2. Suppose -32 = -10*u + f. Calculate the greatest common factor of 6 and u.
6
Let a be (121/(-22))/(19/(-38)). Let d be 275/10*(4 + 0). What is the highest common factor of d and a?
11
Suppose 5*c + k + 8 = 0, 3*c - 19 = 4*k - 10. Let u be 118/5*(-120)/(-48) + c. Calculate the greatest common factor of u and 290.
58
Let q(m) = 5*m**3 - 9*m**2 + m - 2. Let o be q(2). Let v be 2384/56 + (-16)/28. Calculate the highest common factor of o and v.
2
Let v(g) = -g**2 - 10*g + 10. Let i be v(-8). Let d = i + -5. Let k = -582 + 813. Calculate the greatest common factor of k and d.
21
Let v = 1096 + -963. Calculate the greatest common factor of v and 9709.
133
Suppose -w = -5*z - 94, 350*w - 183 = 347*w + 4*z. Let j be (-20)/(-2)*2/4. Let a = 12 - j. What is the greatest common divisor of a and w?
7
Suppose -4*m + 2*m = -10. Let x be (7 - m)/((-1)/(-1)) - -38. Suppose x = 19*d - 14*d. What is the highest common factor of d and 56?
8
Let y = -5071 + 5081. Calculate the highest common divisor of 4595 and y.
5
Suppose 49*l = 81*l - 224. What is the greatest common factor of 15253 and l?
7
Let j be 22/(-10)*(0/(-12) - 125). What is the greatest common factor of 25 and j?
25
Suppose -2*k = 2*v + 3*v - 210, 3*v + 5*k = 145. Suppose 0 = -5*c + 5 + v. Let p be (30/c)/((-2)/(-6)). Calculate the greatest common divisor of p and 30.
10
Suppose 3*f = 2*c + 1, 0*c - 3 = -3*c + 3*f. Let k be 11 + -8 + c + 8. Calculate the greatest common divisor of 75 and k.
15
Let c(n) = -5*n + 48. Let l be ((-24)/9)/1*(2 + -5). Let g be c(l). What is the greatest common divisor of g and 4?
4
Let f be -79 - (18/3 - (1 + 0)). Let r be f*(-13)/(364/8). Calculate the highest common divisor of 30 and r.
6
Let c be 1109 + -9 + (-3 - 3 - -13). Calculate the greatest common factor of c and 378.
27
Suppose -4*d - 25 = d, 4155 = 5*j + d. Calculate the highest common factor of 64 and j.
64
Let k be (-757644)/(-19) - (-29)/((-290)/60). Calculate the highest common divisor of 90 and k.
90
Suppose 5*k - 21 = 2*k. Suppose -k*f + f = -3*f. Suppose f = 3*y + y - 1056. What is the highest common divisor of 33 and y?
33
Let z(j) = -j**3 + 11*j**2 + 12*j - 3. Let r = -7 - -19. Let v be z(r). Let g be 6/v*(0 + 1)/(-1). Calculate the greatest common factor of g and 2.
2
Let t = 34 + -30. Let l be (-2)/t*(-139 - 1). Suppose 5*k - 2*p - 41 = 89, 3*p = 15. What is the greatest common divisor of l and k?
14
Suppose 3*j - 5*i = 35, -5*i + 17 = 2*j + 2. Let b be (-12)/2*(36/6 - j). Suppose 0 = -d - 3*z + 9, -z = -3 + 2. What is the highest common divisor of d and b?
6
Suppose 31*w = 27*w + 3*k + 8603, 4*k + 4 = 0. What is the greatest common factor of 275 and w?
25
Suppose 1516 + 24767 + 9987 = 15*j. Calculate the highest common factor of 186 and j.
186
Let m be 20900/2*(-8)/(-16). What is the greatest common factor of 418 and m?
209
Let c be 28*1 + 2 - 1. Let l(r) = -5*r**3 - 2*r + 754. Let o be l(0). Let t = 841 - o. What is the greatest common divisor of t and c?
29
Let l(u) = -u**2 - 11*u + 6. Let c be l(-8). Let o(n) = -25*n - 251. Let h be o(-11). Calculate the greatest common divisor of c and h.
6
Suppose 0 = -0*o - 14*o - 15*o + 3248. What is the highest common factor of 7784 and o?
56
Suppose 69*n - 711776 = -112511. What is the greatest common divisor of 386 and n?
193
Let x(m) = 2*m**2 - 2*m - 1976. Let a be x(-44). What is the highest common divisor of 384 and a?
64
Suppose 4*j - 3*a - 8